-248368)) - (-3)/(-1 - -10)?
3
Suppose -9 = 3*t - 30. Suppose 5*b - 2 = t*b. Let v(q) = -57*q**3 + 2*q + 1. What is the tens digit of v(b)?
5
Suppose -626*x + 121404 = -623*x. What is the units digit of x?
8
Let s be (2/2)/(45071/(-11271) + 4). Suppose 2*r - s = 219. What is the tens digit of r?
4
What is the thousands digit of 1*(-3 - (-1)/2)*(-42384)/60?
1
Suppose 0 = 5*x + 5*z - 15715, -3*x - 36*z + 9429 = -40*z. Suppose -5*o + 5452 = -x. What is the thousands digit of o?
1
Let n = -4936 + 9937. What is the units digit of n?
1
Let u = -46526 - -82533. What is the thousands digit of u?
6
Let b = -74004 + 125334. What is the ten thousands digit of b?
5
Suppose -30 = -134*g + 131*g. Suppose 8*d + 432 = g*d. What is the hundreds digit of d?
2
Suppose 1543 = c + 8*n + 221, 3*c - n - 3866 = 0. What is the units digit of c?
0
What is the tens digit of 28528/(-2)*(30/12 - 3)?
3
Let k = -16217 - -27233. What is the units digit of k?
6
Let o(d) = -d**3 - 3*d**2 - 6*d - 3. Let l be o(-3). Suppose 0*q = l*q - 3780. What is the tens digit of q?
5
Suppose -6*s - 26*s + 1010137 = 5*s. What is the thousands digit of s?
7
Let k(u) = -2*u**3 + 141*u**2 - 204*u - 295. What is the ten thousands digit of k(67)?
1
Let v(r) = -r**3 - 7*r**2 - 2*r + 32. Suppose 2*m + 32 = -5*q, 2*q = 1 - 9. What is the units digit of v(m)?
8
Let h = -29 + 27. Let r be 528/(-10) - (h + (-33)/(-15)). Let y = r - -82. What is the units digit of y?
9
Let a(i) = -6*i - 25. Let q be a(-6). Suppose -2*f = -2*d + q - 27, 5*d - 59 = -4*f. Let c(w) = -w**3 + 12*w**2 + 11*w + 15. What is the tens digit of c(f)?
5
What is the tens digit of (-16)/(-320)*12 - (-213627)/5?
2
Suppose 2*t - 12260 = -2*m, -18*t - 3*m = -21*t + 18378. What is the tens digit of t?
2
Suppose -18*b = -19293 - 2523. Let z = -699 + b. What is the tens digit of z?
1
Suppose 4*j = -2*k + 57644, 4*k = 6*k - 2*j - 57674. Suppose 0 = -24*c + 8*c + k. What is the tens digit of c?
0
Suppose 26 = -x + 2*x. Suppose 7 = z + 4*j - 3, -4*z = 2*j - x. Suppose -4*l = -4*p + 116, -p + z*p + 4*l - 154 = 0. What is the units digit of p?
0
Suppose 10*v - 101293 - 147672 = 2005. What is the hundreds digit of v?
0
What is the thousands digit of 5313/(-99)*(-215 + -4)?
1
Let d = 70 + -55. What is the units digit of 3118/d - (-46)/345?
8
Let o(l) = -l**3 - 4*l**2 + 6*l + 12. Let q(b) = -b**2 + 12*b - 38. Let t be q(8). What is the tens digit of o(t)?
4
Let x(d) = d + 5. Let g be x(5). Let q be (-3 + 2)*g/(-5). Suppose q*m = 176 - 40. What is the units digit of m?
8
Suppose 2*v + 6 = 0, -3*j + 5*v = -89 - 142. Let s = j - -213. What is the units digit of s?
5
Let c be 4/(-6) - 392/(-3). Let o(p) = -p**3 + 6*p**2 + 64*p + 7. Let z be o(-6). Let x = c - z. What is the tens digit of x?
7
Suppose -52 = -6*h + 4*h. Suppose 0 = 6*q + 2 - h. Let n(w) = 3*w**3 - 3*w**2 + 4*w. What is the units digit of n(q)?
0
Let t be (-2)/(-12)*3 - 57/(-6). What is the units digit of 2/(t*7/36715)?
9
Suppose 2*m + 1090 = 3*m - 4*s, -4*s = 2*m - 2204. Suppose m = 5*t + 4*t. What is the hundreds digit of t?
1
Suppose 5*x + 24 = x. Let v be 2/x - 1/(-3). Suppose -2*z + z + 43 = v. What is the units digit of z?
3
Let w = 252 + -113. Suppose -2*y + 7*y = 3*g + 97, w = -5*g - 3*y. Let c = g + 45. What is the tens digit of c?
1
Suppose -136*q + 28 = -134*q. Let g(h) = 2*h**2 - 28*h + 25. What is the units digit of g(q)?
5
Let j = -68 + 93. Suppose j = 4*p - 39. Let b = 27 - p. What is the tens digit of b?
1
Suppose 0 = -f + u + 10651, f + 12*u = 7*u + 10633. What is the hundreds digit of f?
6
Let y(n) = -n**2 + 11*n - 28. Let g be y(4). Suppose 0 = -g*k - 4*k + 980. What is the tens digit of k?
4
Let r be 3/2*(1 + (-12273)/(-9)). Suppose 4*i - 2*i - 413 = -g, 0 = -5*g - i + r. What is the tens digit of g?
0
What is the hundreds digit of (78316/24)/1*(-18)/(-84)*4?
7
Suppose 997 = 4*f + f + 4*y, -2*f + 406 = 4*y. Suppose 2905*w = 2872*w - 2706. Let z = w + f. What is the tens digit of z?
1
What is the ten thousands digit of (9087 - -2)/((-15)/(-75))?
4
Suppose -3*c + 9550 = y, -21*c + 26*c + 47850 = 5*y. What is the thousands digit of y?
9
Let r = 9311 - -5692. What is the tens digit of r?
0
Suppose -5*w - 998 + 296 = 2*f, 0 = 4*w - 7*f + 510. Let q = -7 - -234. Let j = q + w. What is the tens digit of j?
8
Let w be 1*(-36)/(-14)*84/18. Let t(u) = 2825*u**3 - 11*u**2 + 3*u - 4*u - 2824*u**3 + 26. What is the hundreds digit of t(w)?
1
Let z be 4 + -30 + 4/(-6)*-3. What is the units digit of 602 + ((-8)/(-10))/(z/60)?
0
Let g = 27 + -2. Suppose 3*m = 5*d + g, -5*m + 5*d + 15 = -40. Let x = m + 30. What is the units digit of x?
5
Suppose 5*t + 2*t = -644. Let k = 83 + t. Let m(g) = g**3 + 11*g**2 - 10*g - 21. What is the units digit of m(k)?
1
Suppose 890514 = 19*v + 62*v. What is the hundreds digit of v?
9
Let g = -100824 + 150454. What is the units digit of g?
0
Let m(n) = -63*n**3 + 2*n**2 + 14*n - 2. What is the hundreds digit of m(-5)?
8
Let t(d) = -46*d**2 + 4*d + 10. Let b be t(-2). Let h = 60 - 411. Let l = b - h. What is the units digit of l?
9
Suppose -19108 = -f - 4*j, 43*j - 19088 = -f + 44*j. What is the ten thousands digit of f?
1
Suppose 4*g - 95940 = -2*f, 2*g + 129849 = 5*f - 110001. What is the thousands digit of f?
7
Let r = 9993 - 1091. What is the hundreds digit of r?
9
Let s(g) = -563*g + 51 - 20 - 1 + 131*g. What is the tens digit of s(-2)?
9
Let w(z) = -123*z + 2414. What is the units digit of w(10)?
4
Suppose -616*w + 2051845 = 269757. What is the tens digit of w?
9
Suppose -2*x + 62702 = 3*t, 58*t - 3*x = 63*t - 104503. What is the tens digit of t?
0
Let l(o) = -16*o - 29. Let u = 101 - 94. Let p be ((1 + 2)/3)/(u/(-49)). What is the units digit of l(p)?
3
What is the units digit of (341/(-44) - -7)/((-42)/577976)?
1
What is the hundreds digit of (57/(-9))/((-156910)/(-9231) + -17)?
4
Let b(j) = 31*j**2 - 19*j + 158. What is the units digit of b(-13)?
4
Let l = 926 - 571. Suppose -4*s - 3*o + 284 = -0*o, -5*s + 3*o = -l. What is the tens digit of s?
7
Let k = 2 + -1. Let f(z) = -71*z**3 - z - 11. Let b(x) = -36*x**3 - 7. Let p(w) = 5*b(w) - 3*f(w). What is the tens digit of p(k)?
3
Let l be (-16)/(-152) + 188/19. Let s(g) = 4*g**2 - 10. What is the hundreds digit of s(l)?
3
Suppose 5*i + z - 7110 = 1265, 3*i + 5*z = 5003. Let a = 2895 - i. What is the hundreds digit of a?
2
Suppose b - 2*t = 2401, -4167 = -4*b - t + 5473. What is the hundreds digit of b?
4
Suppose 2*n = -3*n + 40. Suppose 1008 = 29*u - 25*u. Let c = u - n. What is the units digit of c?
4
What is the tens digit of (-3*4/18 - 681354/108)*-2?
1
Let l = 1 + 1. Suppose 2*a - 12 = l. Suppose -286 + a = -9*d. What is the tens digit of d?
3
Suppose -8*n = 40*n - 254928. What is the hundreds digit of n?
3
Suppose -109197 = -5*l - 64747. What is the hundreds digit of l?
8
Let o = 301 - 299. What is the hundreds digit of o/(-13) + ((-32560)/(-52) - 3)?
6
Let p(s) = 112*s**3 - 15*s + 26. What is the units digit of p(4)?
4
Suppose -4*x + 10660 = -y, 4*x - 10644 = 10*y - 5*y. Suppose 6*o - x = 1888. What is the hundreds digit of o?
7
Suppose 24173 = -9*l - 14*l. Let b = 2080 + l. What is the units digit of b?
9
Suppose 0 = 5*z - 83 + 58. Suppose 4*n + 4*l = -157 + 965, z*l = -25. What is the tens digit of n?
0
Let s be ((3 - (-7)/(-3))*3)/1. Suppose s*o - 7*q - 2268 = -5*q, 0 = 5*o - q - 5658. What is the thousands digit of o?
1
Let d(z) = z**3 + 3*z**2 - z - 6. Let q be d(-2). Suppose 4*h + q*y - 2*y - 672 = 0, 3*h - 511 = 5*y. Let g = h + -110. What is the tens digit of g?
5
Let r = -3153 + 3673. What is the tens digit of r?
2
Suppose -29*l = 4*s - 34*l - 50158, 0 = -2*s + 3*l + 25076. What is the hundreds digit of s?
5
Suppose 0 = 2*t + 10*f - 6*f + 306, 5 = -5*f. Let w = t - -420. What is the units digit of w?
9
Let i = -18009 + 39167. What is the thousands digit of i?
1
Suppose 50*k + 962160 = 112*k + 58*k. What is the thousands digit of k?
8
Let t(d) = d - 1 + d**2 + 3 + 3 - 4. Let u(n) = -22*n**3 + 4*n**2 + 8*n + 7. Let l(i) = -4*t(i) + u(i). What is the units digit of l(-2)?
1
What is the units digit of 6/(-60)*4 - 54336/(-40)?
8
Suppose 695013 + 117085 = 16*y + 27*y. What is the tens digit of y?
8
Let a(i) = 11*i - 10. Let p(h) = -h**2 - 15*h + 4. Let z be p(-15). Suppose z*t + 7 - 19